?
-24051
In base 7, what is 0 + -33?
-33
In base 6, what is 2152 + -1?
2151
In base 15, what is 49 - -6?
50
In base 8, what is 0 - -625?
625
In base 3, what is -222 - 1002?
-2001
In base 9, what is 2 + 22?
24
In base 2, what is 101 - 10011100000?
-10011011011
In base 13, what is 6 + 5?
b
In base 2, what is 0 - 100000101110?
-100000101110
In base 10, what is 322 + 5?
327
In base 15, what is -5 + -713?
-718
In base 6, what is -2142 + -45?
-2231
In base 13, what is 177 + -a5?
a2
In base 11, what is 2 + 36?
38
In base 13, what is 19 + 6?
22
In base 11, what is -3 + 37?
34
In base 2, what is 1110 + -100010?
-10100
In base 6, what is -43 + -103?
-150
In base 14, what is 4 + 31?
35
In base 16, what is 8 + -1?
7
In base 16, what is 4 + -ce?
-ca
In base 7, what is -5 - -465?
460
In base 9, what is 1 - -8?
10
In base 16, what is ed - -4?
f1
In base 12, what is 0 - 242?
-242
In base 11, what is 16 + -6?
10
In base 13, what is 2a2 - 2?
2a0
In base 5, what is 3 - -1233?
1241
In base 16, what is -81f - -b?
-814
In base 8, what is 243 - 5?
236
In base 6, what is 1302 - -1?
1303
In base 16, what is 0 + 23?
23
In base 8, what is 0 - -13116?
13116
In base 10, what is 8 + 49?
57
In base 5, what is 242 + -4?
233
In base 3, what is -22111 + 1?
-22110
In base 5, what is -23 + 12023?
12000
In base 12, what is 295 - -4?
299
In base 13, what is 8 - -b10?
b18
In base 6, what is -3453 - -4?
-3445
In base 13, what is -3 + -7a5?
-7a8
In base 3, what is -2112 - 1001?
-10120
In base 9, what is 0 + -21?
-21
In base 15, what is -1 - 45b?
-45c
In base 11, what is 5 - -77?
81
In base 3, what is 1200110 + 0?
1200110
In base 16, what is -6e3 + 7?
-6dc
In base 9, what is 26 - 0?
26
In base 4, what is 3 - -3211?
3220
In base 10, what is 2680 - -2?
2682
In base 7, what is 2 + 140?
142
In base 13, what is -4 + 69?
65
In base 6, what is 5 - 3540?
-3531
In base 15, what is -147 + -5?
-14c
In base 15, what is -20d9 + -2?
-20db
In base 13, what is -43 + -1?
-44
In base 4, what is -10 - -3023?
3013
In base 13, what is -a1 - 64?
-135
In base 12, what is 1004 - 1?
1003
In base 15, what is 34 - -1c?
51
In base 6, what is 2043 - 5?
2034
In base 10, what is 152 + 6?
158
In base 4, what is -20 - 133011?
-133031
In base 9, what is -6 - -27?
21
In base 4, what is 10 + 10132?
10202
In base 6, what is 3 - 32554?
-32551
In base 6, what is -531 - -121?
-410
In base 11, what is 2 + -37?
-35
In base 11, what is -1 - 79?
-7a
In base 5, what is -10 - -321?
311
In base 7, what is 223 - -12?
235
In base 10, what is -574 + 1?
-573
In base 8, what is 2267 + -1?
2266
In base 14, what is -7 + 25?
1c
In base 2, what is -111101 - -11101?
-100000
In base 7, what is -5 - 3344?
-3352
In base 9, what is -2 + 102?
100
In base 12, what is 5 - -3a1?
3a6
In base 2, what is 1 + -100110101?
-100110100
In base 2, what is 11100010101 + 11?
11100011000
In base 3, what is 112 - -102?
221
In base 3, what is -12 + 11220101?
11220012
In base 4, what is 1313 + -202?
1111
In base 8, what is 17 + -14?
3
In base 9, what is -164 + 4?
-160
In base 16, what is -4 - 46?
-4a
In base 9, what is 1 - -1145?
1146
In base 13, what is 6 - -124?
12a
In base 2, what is 11000011 + -100?
10111111
In base 5, what is 3013 - -10?
3023
In base 14, what is 5 - 129?
-124
In base 9, what is -5 - 24?
-30
In base 14, what is -bd + -5?
-c4
In base 5, what is 10324 + -3?
10321
In base 16, what is -2 - -1b?
19
In base 15, what is 0 + 24?
24
In base 16, what is -71 - d?
-7e
In base 15, what is -24b - 2?
-24d
In base 2, what is 10100 - 0?
10100
In base 2, what is 1000 - -1?
1001
In base 7, what is 10 - -40?
50
In base 6, what is -5 - -24?
15
In base 13, what is -7 + 4?
-3
In base 10, what is -8 + 2062?
2054
In base 8, what is 357 + 3?
362
In base 9, what is -3 + 1168?
1165
In base 16, what is -3 + 13?
10
In base 2, what is -1000 - 100?
-1100
In base 3, what is -12 - 1202?
-1221
In base 4, what is -23 - 20?
-103
In base 13, what is -135 + 5?
-130
In base 2, what is 1010111 + -10011?
1000100
In base 3, what is -101 + -11000?
-11101
In base 2, what is -1111101010 - 101?
-1111101111
In base 12, what is -1 - -61?
60
In base 10, what is -2 - 90?
-92
In base 4, what is -113200 + -2?
-113202
In base 7, what is 52 - -2?
54
In base 7, what is 10544 - 5?
10536
In base 5, what is 4 - 0?
4
In base 14, what is -1 + 1444?
1443
In base 12, what is 0 - -5286?
5286
In base 6, what is 10 - 25?
-15
In base 8, what is 3 - -34?
37
In base 15, what is -3 - 10e?
-112
In base 12, what is 4 + -18a3?
-189b
In base 2, what is -111 - -100?
-11
In base 7, what is 0 + 121?
121
In base 6, what is -2 + -53?
-55
In base 5, what is -2 + 34?
32
In base 9, what is 34 - -284?
328
In base 8, what is 12 - 2?
10
In base 5, what is 233 - 1021?
-233
In base 2, what is 11111100110 + -10?
11111100100
In base 8, what is 4 - -2027?
2033
In base 7, what is -65 - 0?
-65
In base 5, what is 3 - 3102?
-3044
In base 3, what is 1201110 + 22?
1201202
In base 2, what is -101 - -10100001?
10011100
In base 15, what is 742 - 5?
73c
In base 14, what is -2 + -15b7?
-15b9
In base 5, what is -2202 - 40?
-2242
In base 14, what is -4 + -133?
-137
In base 2, what is -11 - 11010?
-11101
In base 6, what is 3241 - 54?
3143
In base 8, what is -344 - -4?
-340
In base 15, what is b + -2?
9
In base 15, what is a + 12b?
136
In base 4, what is -132 + 11?
-121
In base 8, what is -77 - 4?
-103
In base 12, what is 0 + -1515?
-1515
In base 11, what is 114 - 0?
114
In base 3, what is -211101 - 10?
-211111
In base 4, what is -11 + -2101?
-2112
In base 5, what is -2 - -12?
10
In base 12, what is -41 + 9?
-34
In base 8, what is -2606 - 0?
-2606
In base 16, what is -13 - -9?
-a
In base 2, what is 11000 + -10010?
110
In base 2, what is -11011 + 110100?
11001
In base 3, what is 12 - -100?
112
In base 13, what is 1c9 - -3?
1cc
In base 13, what is -1 + -1673?
-1674
In base 7, what is 1 - 120?
-116
In base 10, what is -5 + -646?
-651
In base 15, what is -81c - 0?
-81c
In base 9, what is -54 - 8?
-63
In base 15, what is b - -1b?
27
In base 14, what is -a9 - 1?
-aa
In base 15, what is 8a - 1c?
6d
In base 10, what is 6029 - 3?
6026
In base 10, what is -10 + -5?
-15
In base 4, what is 22020 - 32?
21322
In base 9, what is -2 + 0?
-2
In base 13, what is -1 + -10?
-11
In base 12, what is 104 - -3?
107
In base 4, what is 21 - -1020?
1101
In base 10, what is 2 + 76?
78
In base 2, what is 10 - -100011011010?
100011011100
In base 13, what is 4 + 1229?
1230
In base 2, what is 1100010 - -11?
1100101
In base 5, what is -10 + -413?
-423
In base 13, what is 3 - 533?
-530
In base 2, what is 1100100 - 100?
1100000
In base 13, what is -1637 - -2?
-1635
In base 14, what is 1 - 300?
-2dd
In base 2, what is -11 - 10100010?
-10100101
In base 14, what is 185d + -5?
1858
In base 5, what is -11111 + -1?
-11112
In base 5, what is 3 - -333?
341
In base 16, what is -d0a + 2?
-d08
In base 13, what is -c70 - 3?
-c73
In base 15, what is 3 - -1e0?
1e3
In base 12, what is 2137 + -1?
2136
In base 6, what is 33 + 23?
100
In base 15, what is -a + 3a5?
39a
In base 4, what is 311 - 211?
100
In base 16, what is 2d - 7?
26
In base 9, what is 53 - -26?
80
In base 5, what is -111 - 13?
-124
In base 9, what is -3 + -7336?
-7340
In base 9, what is 0 + 2647?
2647
In base 4, what is 201 + -333?
-132
In base 7, what is 0 - 23503?
-23503
In base 6, what is 0 + -233?
-233
In base 15, what is -3 - -a25?
a22
In base 15, what is -115 + 3?
-112
In base 9, what is 6 + 11?
17
In base 10, what is 1 + 45?
46
In base 2, what is -101101100 - 11?
-101101111
In base 14, what is -37 - -10?
-27
In base 15, what is -2 - -627?
625
In base 3, what is -2 + 1110201?
1110122
In base 6, what is 0 + 145?
145
In base 12, what is -206 - -3?
-203
In base 7, what is 10 + 151?
161
In base 14, what is 303 - -3?
306
In base 9, what is 4 + -781?
-776
In base 10, what is -2257 + -2?
-2259
In base 4, what is -3 - 102100?
-102103
In base 7, what is -4616 + -1?
-4620
In base 6, what is 0 + -30?
-30
In base 8, what is -551 + -30?
-601
In base 8, what is 177 + -2?
175
In base 4, what is -11 - 1230?
-1301
In base 4, what is 11300 - 3?
11231
In base 2, what is -1 + -10011?
-10100
In base 15, what is 30c + -3?
309
In base 10, what is 4 + -185?
-181
In base 9, what is 1 - 502?
-501
In base 8, what is -2 - 437?
-441
In base 10, what